se -3*d - 4*v = 1588, -2*d - 1058 = -2*v + 4*v. Let c = d + 796. What is the units digit of c?
8
Let d = -10678 + 16140. What is the units digit of d?
2
Let c = -483 - -2398. Suppose 3*a = n - 1165, 3*n + a - 1560 - c = 0. What is the units digit of n?
9
What is the units digit of -3 - (1/6 + (-4267)/6)?
8
Let q = -805 - -295. Let r = 730 + q. Suppose -5*f = -0*f - r. What is the tens digit of f?
4
Suppose -q + 2263 = 18*w - 17*w, -4*q - 5*w + 9048 = 0. What is the thousands digit of q?
2
Suppose -224*z = -6688793 - 1351687. What is the units digit of z?
5
Suppose 0 = -q + 9*q - 24. Suppose -2*t + 919 = f, -2304 = -4*t + q*f - 451. What is the tens digit of t?
6
Suppose -a + 312 = -0*a. Suppose 2*c + a = -4*x + 6*c, 15 = -5*c. Let f = -53 - x. What is the tens digit of f?
2
Suppose 56752 = 21*c - 189977. What is the ten thousands digit of c?
1
Suppose -266 = -189*n + 301. Suppose 0*f - 5 = f, -s - 2*f - 8 = 0. Suppose -4*r + q = -330, -n*r + s*q - 3*q = -251. What is the tens digit of r?
8
Let q = 821 - -156. Let w = -581 + q. What is the units digit of w?
6
Let r be (-2)/(-4)*(-1 - -51)/(-5). What is the tens digit of -1 - (3957/r + (-18)/(-45))?
9
Suppose -4*t - 10*n = -7*n - 1115, -831 = -3*t - 4*n. Suppose j - 2*v - t = 0, -3*v - 556 = -2*j - v. What is the units digit of j?
5
Suppose -3*n - 3515 + 578 = 0. Let i = -593 - n. What is the tens digit of i?
8
Let l be ((-17)/(-3) - 6)/((-1)/12). Suppose -l*b + 3*w = -535, -3*w = -3*b + 103 + 302. What is the hundreds digit of b?
1
Let v(w) = 4*w**3 - 2*w**2 + 5*w - 7. Let d(c) = 9*c**2 - 235*c + 30. Let j be d(26). What is the units digit of v(j)?
7
Let i(r) = 66*r - 45. Let u(y) = 17*y + 38. Let j be u(-2). What is the units digit of i(j)?
9
Let u be (6 + (-126)/30)/(3/5). Suppose 28 = -5*w + 23, 1531 = u*i + 2*w. What is the tens digit of i?
1
Let h be 77/14 + 1 + 2/(-4). Suppose -h*x = 7*x - 793. What is the units digit of x?
1
Suppose 4*g - 348 = -p, -3*p - 2*g + 419 = -585. Suppose -s - p = -5*o - 0*s, 2*o - 138 = 3*s. What is the units digit of o?
6
Suppose -6195 = -2*i + 2*r + 22597, -28786 = -2*i + 5*r. What is the thousands digit of i?
4
Let j be 44 - 4/14*14. Let g(d) = 31*d - 148. What is the tens digit of g(j)?
9
Suppose 2*p = -5*a + 5241, -2*p - 129 = -a - 5400. What is the units digit of p?
3
Let q be (-21)/(2442/348 - 7). Let o = -665 - q. What is the units digit of o?
3
Let p = -212 + 227. What is the tens digit of 1058 - (p - (-49)/(-7))?
5
Suppose 0 = -33*v + 234928 + 153647. What is the ten thousands digit of v?
1
Let t(g) = -214*g - 70. Let q be t(3). What is the units digit of 5/15*-3 - q?
1
Let f(j) = 318*j**2 + 3*j - 17. Let h be f(4). Suppose -6*t + h = 11*t. What is the tens digit of t?
9
Let s(t) = t**2 + 5*t - 12. Let z = -13 + 4. Let h be s(z). Let d(y) = -y**2 + 24*y + 7. What is the units digit of d(h)?
7
Let q be 2*2/(-8) + (-109)/(-2). Let r = 65 - q. Suppose -r*c + 993 - 300 = 0. What is the tens digit of c?
6
Let s(f) = 59*f**2 + 333*f - 39. What is the tens digit of s(16)?
9
Suppose -34*b = 10*b + 24*b - 12988. What is the tens digit of b?
9
Let g(t) be the second derivative of 109*t**3/6 + 15*t**2 + 74*t. What is the units digit of g(3)?
7
Let a(j) = -j**3 + 40*j**2 - 38*j - 35. Let r be a(39). Let l = 397 + r. What is the hundreds digit of l?
4
Suppose 223*m = 228*m + 2115. Let v = 1044 + m. What is the tens digit of v?
2
Let f(t) be the first derivative of t**4/4 - 4*t**3 + 9*t**2 - 23*t + 2. Let p be f(13). What is the tens digit of ((-6)/15)/((-4)/p)?
3
Let o = 27 + -9. Let i = o + -22. Let k(j) = -20*j - 14. What is the units digit of k(i)?
6
Let b(l) = -6*l**2 + 88*l - l**3 - 63*l + 7*l**2. What is the units digit of b(-8)?
6
Let k = -86 + 115. Suppose 3*y = -4*d + 40, -y = 4*d - 3 - k. What is the units digit of d?
7
Let m be (-395)/(-10)*(-36)/(-6). Let p = m - -41. What is the units digit of p?
8
Suppose 3*y - 7*l + 2*l = 165, 2*l = 0. Let b = y + 58. What is the units digit of b?
3
What is the ten thousands digit of 1/((-1)/3) - 100768/(-8)?
1
Let s(l) = -5*l**3 - 5*l**2 - 8*l - 2. Suppose 5*x + 12 = 3*c - 9, 4*c + 1 = -3*x. What is the tens digit of s(x)?
1
Let p = 997 - 537. Let h = 206 + p. Suppose 0 = 5*y - 2*w - h, 4*y - 2*y - 2*w = 270. What is the hundreds digit of y?
1
Let h(i) = 217*i**3 - 4*i**2 + 13*i + 1. What is the thousands digit of h(5)?
7
Let x = 4223 - 2833. Let y = x + 149. What is the tens digit of y?
3
What is the tens digit of (1221088/440)/((-4)/(-90))?
4
Suppose 0 = -330*y + 9429359 - 294437 + 1539258. What is the thousands digit of y?
2
Let y(j) = 7*j**3 - 9*j**2 + 19*j + 4. Suppose 40 = 15*w - 50. What is the units digit of y(w)?
6
Let z(h) = -5*h + 52. Let o(g) = -1. Let k(u) = 5*o(u) + z(u). Let q be k(-14). Let j = q + 115. What is the units digit of j?
2
Let v(l) = -l**3 - 19*l**2 - 36*l - 34. Let j be v(-17). Suppose -10*i + i + 2727 = j. What is the units digit of i?
3
Let n(p) = 2*p**2 + 5*p - 1. Let h = -21 + 14. Let y be -6 - (h + 4) - 1. What is the tens digit of n(y)?
1
Let t(f) = f**2 - 15*f - 86. Let d be t(20). Suppose d*n - 517 = 13*n - 5*i, -4*n = i - 2030. What is the tens digit of n?
0
Let w = -6 + 10. Suppose 5*r + w = 4*x + 8, 0 = -2*r + 2*x + 2. What is the tens digit of (-17 - -16)*(r + -38)?
3
Let b(a) = 4969*a**2 - 29*a + 63. What is the ten thousands digit of b(2)?
1
What is the hundreds digit of (-3)/(-27) + (173356/(-18))/((-54)/297)?
9
Suppose -42*m + 2919 = -11193. What is the hundreds digit of m?
3
Suppose 4*j - 1764 = 4*o, -o + 6 = -3*o. Suppose -i + 1580 = j. What is the thousands digit of i?
1
Let i = 378 + -612. Let z = i + 253. What is the units digit of z?
9
Let d(q) = q**3 + 120*q**2 + 413*q + 167. What is the ten thousands digit of d(-114)?
3
Let t(y) = -815*y + 992. What is the tens digit of t(-9)?
2
Suppose -2*z + 70 + 2428 = 5*a, 3*a - 3*z - 1482 = 0. Suppose -177*b + 180*b = -9. What is the hundreds digit of 3/(b/a*-3)?
1
What is the hundreds digit of 10/(-15)*9 + 6966?
9
Let u(s) = s**3 - 79*s**2 + 237*s - 246. What is the units digit of u(77)?
5
Suppose p + 119634 = 3*q, -5*p = -2*q + 75259 + 4471. What is the thousands digit of q?
9
Let d be -2*5/(-2)*(-4)/10. Let l be ((-3)/d)/(1/36). Suppose m - l = 25. What is the tens digit of m?
7
Let a be (1 - 5) + (-2 - -25). Suppose 9*f - 8*f + a = 0. What is the tens digit of f*3*4/(-6)?
3
Suppose -9*v = -6*v - 2*t + 1119, 5*t = -5*v - 1840. Let y = 437 + v. What is the units digit of y?
6
Let o(f) = 2*f**3 + 103*f**2 - 1519*f - 1. What is the thousands digit of o(20)?
6
Suppose 0 = -4*h + 5*d + 455, 3*h - 61 = 3*d + 281. Let v = -109 + 111. Suppose -v*l + 8 - 70 = -2*m, 5*l - h = -5*m. What is the units digit of m?
7
Suppose 3*o + 272 = 5*w, -2*w + 4*w = -o + 100. Let m = w + -38. Let t = 24 - m. What is the tens digit of t?
1
Suppose 3*h = -0*i - i + 17, -3 = 3*h - 3*i. Suppose 2426 = h*s + 542. Suppose 4*b - s = -23. What is the units digit of b?
2
Suppose n + 316 = 376. Suppose 71*u - n*u = 12694. What is the thousands digit of u?
1
Let o = 157432 - 84133. What is the hundreds digit of o?
2
Let s = -29427 - -60681. What is the thousands digit of s?
1
Let s(x) = x**3 - 37*x**2 + 15*x - 39. Let g = -337 - -374. What is the tens digit of s(g)?
1
Let q(t) = t**3 - 12*t**2 + 2*t - 9. Let a be q(12). Let m be a - ((-2 - 0) + 3). Suppose 12*i + 180 = m*i. What is the tens digit of i?
9
Suppose 5*b + y = 480 + 533, b = -y + 201. Suppose -9*d + 562 = -b. Suppose d = 3*h - 5*w, -3*w = 4*h - 0*h - 94. What is the units digit of h?
5
Suppose 74*h = 81*h - 26670. Let k = h + -2189. What is the thousands digit of k?
1
Suppose 751*b + 752 = 749*b. What is the tens digit of 14 + (-30)/5 - b?
8
Suppose 0 = -5*n + q + 29, -6*q + 9*q + 3 = n. Suppose -2*d + 5*y - 1815 = -4*d, -n = -2*y. What is the hundreds digit of d?
9
Suppose 4*q - 3*y + 4 = -65, -2*q + 5*y - 31 = 0. What is the units digit of 8/18 - 5590/q?
1
Let n(s) = -20*s + 114. Suppose 0 = -71*k + 74*k + 84. What is the tens digit of n(k)?
7
Let h(f) be the second derivative of -21*f + 0 + 23/2*f**2 + 5/2*f**3. What is the tens digit of h(8)?
4
Let z(q) = -q**3 + 2*q**2 - 2*q + 3. Suppose 4 - 2 = f. Let k be z(f). What is the units digit of (-1)/(-1)*k - -4?
3
Suppose -4*q + k = 3, 0*q +